{"id":3,"date":"2025-01-15T02:39:54","date_gmt":"2025-01-15T02:39:54","guid":{"rendered":"https:\/\/diarium.studio-one.art.br\/blog\/?page_id=3"},"modified":"2025-10-18T15:34:42","modified_gmt":"2025-10-18T18:34:42","slug":"privacy-policy","status":"publish","type":"page","link":"https:\/\/diarium.studio-one.art.br\/blog\/privacy-policy\/","title":{"rendered":"Pol\u00edtica de Privacidade"},"content":{"rendered":"\n<div class=\"wp-block-group has-background has-global-padding is-layout-constrained wp-container-core-group-is-layout-c7635218 wp-block-group-is-layout-constrained\" style=\"background-color:#00000085;margin-top:var(--wp--preset--spacing--30);margin-bottom:var(--wp--preset--spacing--30);padding-top:var(--wp--preset--spacing--50);padding-right:var(--wp--preset--spacing--30);padding-bottom:var(--wp--preset--spacing--50);padding-left:var(--wp--preset--spacing--30)\">\n<h2 class=\"wp-block-heading\" style=\"font-size:clamp(15.747px, 0.984rem + ((1vw - 3.2px) * 0.86), 24px);\"><span style=\"font-size: 1.2em;\" class=\"wphakka-font-size\"><mark style=\"background-color:rgba(0, 0, 0, 0);color:#b3ff00\" class=\"has-inline-color\">Quem somos, quem sou<\/mark><\/span><br><\/h2>\n\n\n\n<p style=\"padding-right:var(--wp--preset--spacing--30);padding-left:var(--wp--preset--spacing--30)\">O endere\u00e7o oficial (URL) desse site \u00e9 https:\/\/diarium.studio-one.art.br\/blog e est\u00e1 mantido como propriedade particular do fot\u00f3grafo H.Mich e est\u00fadio Studio One. Este site n\u00e3o envia propagandas comerciais ou vende algum produto ou servi\u00e7o, serve somente como exposi\u00e7\u00e3o dos trabalhos particulares do fot\u00f3grafo.<br><br>Os \u00fanicos e-mails quais entrariam em contato com interessados s\u00e3o H.Mich@outlook.com, h.mich@studio-one.art.br, atendimento@studio-one.art.br ou info@studio-one.art.br, qualquer outro endere\u00e7o pode ser fake e pedimos informar imediatamente o ocorrido. N\u00e3o enviamos propagandas, e-mails de marketing ou ofertas. Este site, O Diarium, n\u00e3o divulga nenhuma atividade comercial e n\u00e3o pratica vendas de nenhum tipo. <br><br><\/p>\n\n\n\n<h2 class=\"wp-block-heading\" style=\"font-size:clamp(15.747px, 0.984rem + ((1vw - 3.2px) * 0.86), 24px);\"><span style=\"font-size: 1.2em;\" class=\"wphakka-font-size\"><mark style=\"background-color:rgba(0, 0, 0, 0);color:#b3ff00\" class=\"has-inline-color\">Seu Login, Nome, E-Mail e Senha<\/mark><\/span><br><\/h2>\n\n\n\n<p style=\"padding-right:var(--wp--preset--spacing--30);padding-left:var(--wp--preset--spacing--30)\">Os \u00fanicos dados particulares inseridos durante o processo de cria\u00e7\u00e3o de senha e eventualmente depois na edi\u00e7\u00e3o do perfil ficam guardados no banco de dados e n\u00e3o est\u00e3o acess\u00edveis para terceiros. No caso de publica\u00e7\u00e3o de um coment\u00e1rio ser\u00e1 vis\u00edvel publicamente somente o nome\/login do dono do coment\u00e1rio. Os dados no banco de dados n\u00e3o ser\u00e3o disponibilizados para terceiros em momento algum<br><br><\/p>\n\n\n\n<h2 class=\"wp-block-heading\" style=\"font-size:clamp(15.747px, 0.984rem + ((1vw - 3.2px) * 0.86), 24px);\"><span style=\"font-size: 1.2em;\" class=\"wphakka-font-size\"><mark style=\"background-color:rgba(0, 0, 0, 0);color:#b3ff00\" class=\"has-inline-color\">Imagens, Fotografias e Textos<\/mark><\/span><br><\/h2>\n\n\n\n<p style=\"padding-right:var(--wp--preset--spacing--30);padding-left:var(--wp--preset--spacing--30)\">Todas as imagens neste site, caso n\u00e3o declarado particularmente diferente em cada caso, s\u00e3o da propriedade inteletual (Copyright) do fot\u00f3grafo h.mich@outlook.com tamb\u00e9m propriet\u00e1rio do site e do dom\u00ednio studio-one.art.br<br><\/p>\n\n\n\n<p style=\"padding-right:var(--wp--preset--spacing--30);padding-left:var(--wp--preset--spacing--30)\">Os textos, legendas e descri\u00e7\u00f5es s\u00e3o ideias e opini\u00f5es do momento e devem ser entendidos como reda\u00e7\u00e3o livre n\u00e3o necessariamente relacionado com imagens, fotografias ou pessoas nelas.<br><\/p>\n\n\n\n<p style=\"padding-right:var(--wp--preset--spacing--30);padding-left:var(--wp--preset--spacing--30)\">Caso est\u00e1 em alguma fotografia de rua (Vida Urbana) e n\u00e3o gostaria aparecer, entre em contato por email pelo link no menu e removemos a fotografia sem qualquer burocracia ap\u00f3s identifica\u00e7\u00e3o pessoal.<br><br><\/p>\n\n\n\n<h2 class=\"wp-block-heading\" style=\"font-size:clamp(15.747px, 0.984rem + ((1vw - 3.2px) * 0.86), 24px);\"><span style=\"font-size: 1.2em;\" class=\"wphakka-font-size\"><mark style=\"background-color:rgba(0, 0, 0, 0);color:#b3ff00\" class=\"has-inline-color\">Cookies<\/mark><\/span><br><\/h2>\n\n\n\n<p style=\"padding-right:var(--wp--preset--spacing--30);padding-left:var(--wp--preset--spacing--30)\">Cookies podem ser usados durante o seu acesso para manter seu login ativo, n\u00e3o ser\u00e3o coletado outros dados do seu navegador.<br><br><\/p>\n\n\n\n<h2 class=\"wp-block-heading\" style=\"font-size:clamp(15.747px, 0.984rem + ((1vw - 3.2px) * 0.86), 24px);\"><span style=\"font-size: 1.2em;\" class=\"wphakka-font-size\"><mark style=\"background-color:rgba(0, 0, 0, 0);color:#b3ff00\" class=\"has-inline-color\">Com quem trocamos dados pessoais<br><\/mark><\/span><\/h2>\n\n\n\n<p style=\"padding-right:var(--wp--preset--spacing--30);padding-left:var(--wp--preset--spacing--30)\">Com Ningu\u00e9m<br><br><\/p>\n\n\n\n<h2 class=\"wp-block-heading\" style=\"font-size:clamp(15.747px, 0.984rem + ((1vw - 3.2px) * 0.86), 24px);\"><span style=\"font-size: 1.2em;\" class=\"wphakka-font-size\"><mark style=\"background-color:rgba(0, 0, 0, 0);color:#b3ff00\" class=\"has-inline-color\">Outro uso do seu conte\u00fado<\/mark><\/span><br><\/h2>\n\n\n\n<p style=\"padding-right:var(--wp--preset--spacing--30);padding-left:var(--wp--preset--spacing--30)\">O texto do seu coment\u00e1rio poderia ser inspecionado por um sistema de prote\u00e7\u00e3o de SPAM ou de conte\u00fado il\u00edcito, mas n\u00e3o incluindo dados pessoais.<br><br><\/p>\n\n\n\n<p style=\"padding-right:var(--wp--preset--spacing--30);padding-left:var(--wp--preset--spacing--30)\"><mark style=\"background-color:rgba(0, 0, 0, 0);color:#b3ff00\" class=\"has-inline-color\">Qualquer d\u00favida entre em contato, seja para pedir esclarecimento ou mais informa\u00e7\u00f5es gerais<\/mark><\/p>\n\n\n\n<div class=\"wp-block-columns is-layout-flex wp-container-core-columns-is-layout-28f84493 wp-block-columns-is-layout-flex\">\n<div class=\"wp-block-column has-global-padding is-layout-constrained wp-container-core-column-is-layout-45437302 wp-block-column-is-layout-constrained\" style=\"padding-top:var(--wp--preset--spacing--30);padding-right:10px;padding-bottom:var(--wp--preset--spacing--30);padding-left:40px\" id=\"contato\"><div class=\"hc-wrap\"><div class=\"hc-status-msgs\" id=\"hc-status-msgs\"> <\/div><form form=\"hc-form\" method=\"post\"><div class=\"hc-div\"><label class=\"hc-lab\" for=\"hc-name\">Seu Nome:<\/label><input class=\"hc-in\" id=\"hc-name\" name=\"hc-name\" type=\"text\" value=\"\" size=\"45\" required \/><\/div><div class=\"hc-div\"><label class=\"hc-lab\" for=\"hc-email\">Seu Email:<\/label><input class=\"hc-in\" id=\"hc-email\" name=\"hc-email\" type=\"text\" value=\"\" size=\"45\" required\/><\/div><div class=\"hc-div\"><label class=\"hc-lab\" for=\"hc-msg\">Insira sua mensagem ...<\/label><textarea class=\"hc-msg\" id=\"hc-msg\" name=\"hc-msg\" cols=\"80\" rows=\"6\" required \/><\/textarea><\/div><div class=\"hc-div\"><button type=\"button\" name=\"hc-button\" id=\"hc-button\" class=\"hc-button\" \/>Enviar  Mensagen<\/button><\/div><\/form><\/div>\n<\/div>\n<\/div>\n<\/div>\n\n\n\n<hr class=\"wp-block-separator has-alpha-channel-opacity\"\/>\n","protected":false},"excerpt":{"rendered":"<p>Quem somos, quem sou O endere\u00e7o oficial (URL) desse site \u00e9 https:\/\/diarium.studio-one.art.br\/blog e est\u00e1 mantido como propriedade particular do fot\u00f3grafo H.Mich e est\u00fadio Studio One. Este site n\u00e3o envia propagandas comerciais ou vende algum produto ou servi\u00e7o, serve somente como exposi\u00e7\u00e3o dos trabalhos particulares do fot\u00f3grafo. Os \u00fanicos e-mails quais entrariam em contato com interessados [&hellip;]<\/p>\n","protected":false},"author":1,"featured_media":0,"parent":0,"menu_order":0,"comment_status":"closed","ping_status":"open","template":"","meta":{"pgc_sgb_lightbox_settings":"","footnotes":""},"class_list":["post-3","page","type-page","status-publish","hentry"],"_links":{"self":[{"href":"https:\/\/diarium.studio-one.art.br\/blog\/wp-json\/wp\/v2\/pages\/3","targetHints":{"allow":["GET"]}}],"collection":[{"href":"https:\/\/diarium.studio-one.art.br\/blog\/wp-json\/wp\/v2\/pages"}],"about":[{"href":"https:\/\/diarium.studio-one.art.br\/blog\/wp-json\/wp\/v2\/types\/page"}],"author":[{"embeddable":true,"href":"https:\/\/diarium.studio-one.art.br\/blog\/wp-json\/wp\/v2\/users\/1"}],"replies":[{"embeddable":true,"href":"https:\/\/diarium.studio-one.art.br\/blog\/wp-json\/wp\/v2\/comments?post=3"}],"version-history":[{"count":0,"href":"https:\/\/diarium.studio-one.art.br\/blog\/wp-json\/wp\/v2\/pages\/3\/revisions"}],"wp:attachment":[{"href":"https:\/\/diarium.studio-one.art.br\/blog\/wp-json\/wp\/v2\/media?parent=3"}],"curies":[{"name":"wp","href":"https:\/\/api.w.org\/{rel}","templated":true}]}}